0
In base 12, what is 119 + -1?
118
In base 2, what is -11000 + 1101000?
1010000
In base 12, what is -59 - -1?
-58
In base 16, what is 47 - e?
39
In base 6, what is -22 - 42?
-104
In base 16, what is 1cd7 - -1?
1cd8
In base 10, what is -4 + -228?
-232
In base 7, what is -426 - -5?
-421
In base 3, what is -1012112 + 11?
-1012101
In base 7, what is -312 - 212?
-524
In base 14, what is -2 - -7a8?
7a6
In base 15, what is -184 - -8?
-17b
In base 8, what is 17 - -2046?
2065
In base 12, what is -10a - -2a?
-a0
In base 9, what is 4 - -140?
144
In base 12, what is -41 - 225?
-266
In base 12, what is 3 - 12?
-b
In base 7, what is 0 + -66?
-66
In base 2, what is 1101 - -1011?
11000
In base 16, what is 2 + -6b?
-69
In base 10, what is 1146 - 1?
1145
In base 16, what is 131 - -9?
13a
In base 9, what is 10 - -727?
737
In base 11, what is 14 - 11?
3
In base 14, what is 3 - 2a?
-27
In base 7, what is 21 + 3405?
3426
In base 7, what is -15 - 12?
-30
In base 11, what is 1782 - -3?
1785
In base 13, what is 5c4 - 1c?
5a5
In base 2, what is -10010 + 100110111?
100100101
In base 10, what is 3 + -91?
-88
In base 13, what is -3 + -68c?
-692
In base 2, what is -1 + -1001100?
-1001101
In base 5, what is -142 - -3?
-134
In base 12, what is -1712 - 3?
-1715
In base 11, what is -1 - 39?
-3a
In base 15, what is -70 - c?
-7c
In base 14, what is -5c9 - -5?
-5c4
In base 3, what is 11001 - 1?
11000
In base 9, what is 1 + -276?
-275
In base 12, what is 10 + 0?
10
In base 9, what is -3261 - -1?
-3260
In base 10, what is 3 - -469?
472
In base 6, what is -11231 - 5?
-11240
In base 7, what is 255 - 4?
251
In base 16, what is -60 - -8?
-58
In base 9, what is 327 + 3?
331
In base 4, what is -1201 - 10?
-1211
In base 8, what is 0 - 6061?
-6061
In base 16, what is 5 - -770?
775
In base 11, what is -5 - 6449?
-6453
In base 13, what is 0 - 46c?
-46c
In base 7, what is -664 + 1?
-663
In base 7, what is -2 - -534?
532
In base 8, what is 5 - -507?
514
In base 6, what is 30 - -4?
34
In base 5, what is 10 + -1100?
-1040
In base 5, what is -3 + -1324?
-1332
In base 10, what is 0 + -641?
-641
In base 12, what is 1345 + -1?
1344
In base 8, what is -10 + 156?
146
In base 15, what is -15 + 43?
2d
In base 7, what is 45 - 25?
20
In base 8, what is -34 - -43?
7
In base 13, what is 4 + -b6?
-b2
In base 6, what is 10 - 40?
-30
In base 11, what is 21 - 2?
1a
In base 6, what is 22 + -4?
14
In base 13, what is -3 - 96?
-99
In base 4, what is -33033 - 10?
-33103
In base 14, what is -38 - -306?
2ac
In base 3, what is -1102 - 20022?
-21201
In base 8, what is -5 + 5035?
5030
In base 11, what is 630 - -3?
633
In base 12, what is -277 - 13?
-28a
In base 10, what is 725 - 3?
722
In base 13, what is 3 - -c?
12
In base 6, what is -1 + -15551?
-15552
In base 4, what is -131232 - -1?
-131231
In base 9, what is -551 + -4?
-555
In base 13, what is 1b143 - 4?
1b13c
In base 5, what is 2 + -30?
-23
In base 8, what is 3 + 4502?
4505
In base 14, what is 1 + 99?
9a
In base 5, what is 2 + 33340?
33342
In base 16, what is -1 - -71?
70
In base 8, what is -114 + -1?
-115
In base 8, what is 202 - 1?
201
In base 3, what is 10220 - 2?
10211
In base 6, what is -35 - -1142?
1103
In base 2, what is 1 - 100000001?
-100000000
In base 2, what is -10 + -111101?
-111111
In base 16, what is -af + 5?
-aa
In base 11, what is -2 - 7?
-9
In base 5, what is 2 - -212?
214
In base 5, what is -4 - 2104?
-2113
In base 2, what is 1100000011010010 - 101?
1100000011001101
In base 10, what is 53 + -2?
51
In base 7, what is -330 + 3?
-324
In base 9, what is -1 + -701?
-702
In base 9, what is -4 + 4502?
4487
In base 10, what is -2 - -1166?
1164
In base 4, what is -112 - 21320?
-22032
In base 15, what is 3b6 + -3?
3b3
In base 12, what is -1 + -1b13?
-1b14
In base 15, what is 373 + -2?
371
In base 12, what is 20545 - 5?
20540
In base 11, what is -25473 - 5?
-25478
In base 10, what is 1543 - -2?
1545
In base 16, what is 4b + -1b?
30
In base 12, what is -14 + -14?
-28
In base 16, what is -a + 242?
238
In base 9, what is 73 + 1?
74
In base 11, what is -17 + 2?
-15
In base 8, what is 1223 + 0?
1223
In base 3, what is -12 + 112?
100
In base 5, what is 1320 + 2?
1322
In base 15, what is -1203 + -3?
-1206
In base 14, what is -4a - -5?
-45
In base 13, what is -3 + 21?
1b
In base 16, what is -4 - -2d?
29
In base 12, what is 2 - -1469?
146b
In base 12, what is 11 + -3?
a
In base 7, what is -1230 + 1?
-1226
In base 9, what is 3305 - -5?
3311
In base 12, what is 273 + 0?
273
In base 8, what is -4 - 121?
-125
In base 12, what is 567a + -4?
5676
In base 6, what is 552 + 23?
1015
In base 6, what is -5 - 40?
-45
In base 12, what is -8 + 1b?
13
In base 6, what is -4250 + 15?
-4231
In base 8, what is 1200 - 3?
1175
In base 16, what is 4 + cd7?
cdb
In base 7, what is -113440 + -5?
-113445
In base 13, what is 0 + -cb?
-cb
In base 10, what is 75 + -3?
72
In base 11, what is -5 + -66?
-70
In base 12, what is -1 - -8a?
89
In base 11, what is -755 - 10?
-765
In base 4, what is 201002 + -10?
200332
In base 6, what is -4 - -24342?
24334
In base 2, what is -10000000001 - 1011?
-10000001100
In base 7, what is -22324 + 1?
-22323
In base 5, what is -11434 + 10?
-11424
In base 10, what is 2 + -623?
-621
In base 8, what is -253 - 31?
-304
In base 14, what is -72 - -43?
-2d
In base 14, what is -ba + 5?
-b5
In base 4, what is 122120 - 1?
122113
In base 11, what is -44 - -61?
18
In base 4, what is 11 + -1122?
-1111
In base 10, what is -3 + 84?
81
In base 9, what is 23 + -8?
14
In base 11, what is -16 + -1a9?
-214
In base 14, what is -2 + -47?
-49
In base 13, what is -b + -366?
-374
In base 11, what is -4 - 35?
-39
In base 5, what is 2 + -12?
-10
In base 14, what is -280c - -5?
-2807
In base 10, what is -1 + 139?
138
In base 10, what is 9658 - -2?
9660
In base 3, what is -10 - -1011200?
1011120
In base 3, what is -21111 + 2012?
-12022
In base 6, what is -1504 + -4?
-1512
In base 10, what is 20 + -98?
-78
In base 12, what is 3a4 - 5?
39b
In base 13, what is 1 - -c0?
c1
In base 10, what is -26 - 8?
-34
In base 9, what is -5 + 13041?
13035
In base 6, what is 202 - 11?
151
In base 13, what is -21 + 8?
-16
In base 11, what is -40 - -210?
180
In base 6, what is -2 - -1241?
1235
In base 13, what is 40 - -3?
43
In base 16, what is 65 - -3?
68
In base 10, what is -4 - 457?
-461
In base 3, what is -120001021 - -1?
-120001020
In base 6, what is 21 - 314?
-253
In base 12, what is -5 - -2a8a?
2a85
In base 6, what is 53 + -10?
43
In base 14, what is -10 + -92?
-a2
In base 3, what is 1202 + 20?
1222
In base 13, what is 2c + -43?
-14
In base 7, what is 1 + -132?
-131
In base 3, what is -1212011021 - 10?
-1212011101
In base 7, what is -4006 - -1?
-4005
In base 2, what is 1100 - -101010101?
101100001
In base 4, what is 2 + 101103?
101111
In base 12, what is 21 + 0?
21
In base 8, what is 2 - -474?
476
In base 14, what is 14 - 2d?
-19
In base 10, what is -3 + 408?
405
In base 2, what is -110100000 - -1001?
-110010111
In base 8, what is 1 + -111?
-110
In base 5, what is 10 + -1342?
-1332
In base 6, what is 11 - 10?
1
In base 9, what is 6 - 35?
-28
In base 11, what is -2 - -3037?
3035
In base 16, what is -17 + -6c?
-83
In base 7, what is -332 - 3?
-335
In base 6, what is 500 + -11?
445
In base 7, what is -3651 + 0?
-3651
In base 10, what is 803 + -1?
802
In base 14, what is -37c - 6?
-384
In base 2, what is 111011000 - -101110?
1000000110
In base 4, what is 10203 - 121?
10022
In base 10, what is -16 + -4?
-20
In base 9, what is -3 + 3?
0
In base 13, what is -5 + 22?
1a
In base 13, what is -4 + -143?
-147
In base 9, what is -2 - -285?
283
In base 9, what is 10 - -5855?
5865
In base 5, what is 23 - -20?
43
In base 16, what is 4 + -a5c?
-a58
In base 9, what is -338 - 5?
-344
In base 9, what is 5 + 613?
618
In base 10, what is 0 - -412?
412
In base 16, what is -3f + 40?
1
In base 7, what is -144 + 43?
-101
In base 13, what is 189 + 6?
192
In base 11, what is -693 - -4?
-68a
In base 14, what is 52 + a6?
118
In base 15, what is 1 - -53c?
53d
In base 14, what is -1c1 - -7?
-1b8
In base 12, what is -6 + 161?
157
In base 4, what is -3 + 20222?
20213
In base 5, what is 1333 - -10?
1343
In base 3, what is -11002 - -11?
-10221
In base 6, what is -2 - -103?
101
In base 10, what is 2 + 93?
95
In base 15, what is -90 + -2?